{"id":486,"date":"2021-01-31T20:13:45","date_gmt":"2021-01-31T20:13:45","guid":{"rendered":"http:\/\/www.prevodovky-motory.cz\/?post_type=product&#038;p=486"},"modified":"2021-01-31T20:22:00","modified_gmt":"2021-01-31T20:22:00","slug":"ravenol-wiv-ii-sae-0w-30-cleansynto-1l","status":"publish","type":"product","link":"https:\/\/www.prevodovky-motory.cz\/?product=ravenol-wiv-ii-sae-0w-30-cleansynto-1l","title":{"rendered":"RAVENOL WIV II SAE 0W-30 CleanSynto\u00ae 1L"},"content":{"rendered":"<p>ACEA A5\/B5,\u00a0\u00a0VW 503 00\/ 506 00\/ 506 01<\/p>\n","protected":false},"excerpt":{"rendered":"<table class=\"cart\" width=\"100%\">\n<tbody>\n<tr class=\"before_variants product-variants-1\">\n<td class=\"product-variants-text-1\" width=\"35%\">Pou\u017eit\u00ed:<\/td>\n<td class=\"product-variants-value-1\" colspan=\"3\" width=\"65%\"><span class=\"fleft\">Pln\u011b syntetick\u00fd motorov\u00fd olej<\/span><\/td>\n<\/tr>\n<\/tbody>\n<\/table>\n","protected":false},"featured_media":487,"template":"","meta":{"spay_email":""},"_links":{"self":[{"href":"https:\/\/www.prevodovky-motory.cz\/index.php?rest_route=\/wp\/v2\/product\/486"}],"collection":[{"href":"https:\/\/www.prevodovky-motory.cz\/index.php?rest_route=\/wp\/v2\/product"}],"about":[{"href":"https:\/\/www.prevodovky-motory.cz\/index.php?rest_route=\/wp\/v2\/types\/product"}],"wp:featuredmedia":[{"embeddable":true,"href":"https:\/\/www.prevodovky-motory.cz\/index.php?rest_route=\/wp\/v2\/media\/487"}],"wp:attachment":[{"href":"https:\/\/www.prevodovky-motory.cz\/index.php?rest_route=%2Fwp%2Fv2%2Fmedia&parent=486"}],"curies":[{"name":"wp","href":"https:\/\/api.w.org\/{rel}","templated":true}]}}