{"id":541,"date":"2021-01-31T22:48:06","date_gmt":"2021-01-31T22:48:06","guid":{"rendered":"http:\/\/www.prevodovky-motory.cz\/?post_type=product&#038;p=541"},"modified":"2021-01-31T22:49:21","modified_gmt":"2021-01-31T22:49:21","slug":"ravenol-tsj-sae-10w-30-cleansynto-1l","status":"publish","type":"product","link":"https:\/\/www.prevodovky-motory.cz\/?product=ravenol-tsj-sae-10w-30-cleansynto-1l","title":{"rendered":"RAVENOL TSJ SAE 10W-30 CleanSynto\u00ae 1L"},"content":{"rendered":"<p>ACEA A3\/B4, API SN, API SM, ILSAC GF-5,\u00a0Toyota, Nissan, Honda, Mitsubishi, Mazda, Suzuki, Isuzu, Subaru, Daihatsu, Kia, Hyundai, SsangYong, Daewoo<\/p>\n","protected":false},"excerpt":{"rendered":"<table class=\"cart\" style=\"height: 37px;\" width=\"366\">\n<tbody>\n<tr class=\"before_variants product-variants-1\">\n<td class=\"product-variants-text-1\" width=\"35%\">Pou\u017eit\u00ed:<\/td>\n<td class=\"product-variants-value-1\" colspan=\"3\" width=\"65%\"><span class=\"fleft\">Polosyntetick\u00fd vysoce kvalitn\u00ed motorov\u00fd olej<\/span><\/td>\n<\/tr>\n<\/tbody>\n<\/table>\n","protected":false},"featured_media":542,"template":"","meta":{"spay_email":""},"_links":{"self":[{"href":"https:\/\/www.prevodovky-motory.cz\/index.php?rest_route=\/wp\/v2\/product\/541"}],"collection":[{"href":"https:\/\/www.prevodovky-motory.cz\/index.php?rest_route=\/wp\/v2\/product"}],"about":[{"href":"https:\/\/www.prevodovky-motory.cz\/index.php?rest_route=\/wp\/v2\/types\/product"}],"wp:featuredmedia":[{"embeddable":true,"href":"https:\/\/www.prevodovky-motory.cz\/index.php?rest_route=\/wp\/v2\/media\/542"}],"wp:attachment":[{"href":"https:\/\/www.prevodovky-motory.cz\/index.php?rest_route=%2Fwp%2Fv2%2Fmedia&parent=541"}],"curies":[{"name":"wp","href":"https:\/\/api.w.org\/{rel}","templated":true}]}}