{"id":546,"date":"2021-01-31T22:55:20","date_gmt":"2021-01-31T22:55:20","guid":{"rendered":"http:\/\/www.prevodovky-motory.cz\/?post_type=product&#038;p=546"},"modified":"2021-01-31T22:55:42","modified_gmt":"2021-01-31T22:55:42","slug":"ravenol-tsi-sae-10w-40-cleansynto-5l","status":"publish","type":"product","link":"https:\/\/www.prevodovky-motory.cz\/?product=ravenol-tsi-sae-10w-40-cleansynto-5l","title":{"rendered":"RAVENOL TSi SAE 10W-40 CleanSynto\u00ae 5L"},"content":{"rendered":"<p>ACEA A3\/B4, MB 229.1, VW 501 00\/ 505 00, BMW Special Oil, API SN, API SM, VW 502 00 00\/505,<\/p>\n","protected":false},"excerpt":{"rendered":"<table class=\"cart\" style=\"height: 56px;\" width=\"389\">\n<tbody>\n<tr class=\"before_variants product-variants-1\">\n<td class=\"product-variants-text-1\" width=\"35%\">Pou\u017eit\u00ed:<\/td>\n<td class=\"product-variants-value-1\" colspan=\"3\" width=\"65%\"><span class=\"fleft\">Polosyntetick\u00fd motorov\u00fd olej na b\u00e1zi PAO<\/span><\/td>\n<\/tr>\n<\/tbody>\n<\/table>\n","protected":false},"featured_media":547,"template":"","meta":{"spay_email":""},"_links":{"self":[{"href":"https:\/\/www.prevodovky-motory.cz\/index.php?rest_route=\/wp\/v2\/product\/546"}],"collection":[{"href":"https:\/\/www.prevodovky-motory.cz\/index.php?rest_route=\/wp\/v2\/product"}],"about":[{"href":"https:\/\/www.prevodovky-motory.cz\/index.php?rest_route=\/wp\/v2\/types\/product"}],"wp:featuredmedia":[{"embeddable":true,"href":"https:\/\/www.prevodovky-motory.cz\/index.php?rest_route=\/wp\/v2\/media\/547"}],"wp:attachment":[{"href":"https:\/\/www.prevodovky-motory.cz\/index.php?rest_route=%2Fwp%2Fv2%2Fmedia&parent=546"}],"curies":[{"name":"wp","href":"https:\/\/api.w.org\/{rel}","templated":true}]}}