{"id":672,"date":"2021-02-21T20:37:10","date_gmt":"2021-02-21T20:37:10","guid":{"rendered":"http:\/\/www.prevodovky-motory.cz\/?post_type=product&#038;p=672"},"modified":"2021-02-21T20:38:54","modified_gmt":"2021-02-21T20:38:54","slug":"ravenol-motobike-4-t-mineral-20w-50-1l","status":"publish","type":"product","link":"https:\/\/www.prevodovky-motory.cz\/?product=ravenol-motobike-4-t-mineral-20w-50-1l","title":{"rendered":"RAVENOL Motobike 4-T Mineral 20W-50 1L"},"content":{"rendered":"<p>API SM, JASO MA2<\/p>\n<p>Yamaha, Kawasaki, Honda, Aprilia, BMW, Suzuki, Ducati, Triumph, Moto Guzzi<\/p>\n","protected":false},"excerpt":{"rendered":"<table class=\"cart\" style=\"height: 63px;\" width=\"509\">\n<tbody>\n<tr class=\"before_variants product-variants-1\">\n<td class=\"product-variants-text-1\" width=\"35%\">Pou\u017eit\u00ed:<\/td>\n<td class=\"product-variants-value-1\" colspan=\"3\" width=\"65%\"><span class=\"fleft\">Miner\u00e1ln\u00ed 4-taktn\u00ed vysoce v\u00fdkonn\u00fd<\/span><\/td>\n<\/tr>\n<tr class=\"before_variants product-variants-2\">\n<td class=\"product-variants-text-2\" width=\"35%\">Parametr 2:<\/td>\n<td class=\"product-variants-value-2\" colspan=\"3\" width=\"65%\"><span class=\"fleft\">motorov\u00fd olej nejnov\u011bj\u0161\u00ed generace.<\/span><\/td>\n<\/tr>\n<\/tbody>\n<\/table>\n","protected":false},"featured_media":673,"template":"","meta":{"spay_email":""},"_links":{"self":[{"href":"https:\/\/www.prevodovky-motory.cz\/index.php?rest_route=\/wp\/v2\/product\/672"}],"collection":[{"href":"https:\/\/www.prevodovky-motory.cz\/index.php?rest_route=\/wp\/v2\/product"}],"about":[{"href":"https:\/\/www.prevodovky-motory.cz\/index.php?rest_route=\/wp\/v2\/types\/product"}],"wp:featuredmedia":[{"embeddable":true,"href":"https:\/\/www.prevodovky-motory.cz\/index.php?rest_route=\/wp\/v2\/media\/673"}],"wp:attachment":[{"href":"https:\/\/www.prevodovky-motory.cz\/index.php?rest_route=%2Fwp%2Fv2%2Fmedia&parent=672"}],"curies":[{"name":"wp","href":"https:\/\/api.w.org\/{rel}","templated":true}]}}