{"id":680,"date":"2021-02-21T22:25:55","date_gmt":"2021-02-21T22:25:55","guid":{"rendered":"http:\/\/www.prevodovky-motory.cz\/?post_type=product&#038;p=680"},"modified":"2021-02-21T22:26:57","modified_gmt":"2021-02-21T22:26:57","slug":"ravenol-mzg-sae-80-gl-4-1l","status":"publish","type":"product","link":"https:\/\/www.prevodovky-motory.cz\/?product=ravenol-mzg-sae-80-gl-4-1l","title":{"rendered":"RAVENOL MZG SAE 80 GL 4 1L"},"content":{"rendered":"<p>API GL-4, MIL-L-2105 D, MB 235.1, MAN 341 Typ Z-1, MAN 341 Typ E-1, ZF TE-ML 02A, 17A, Ford SQM-2C-9008A<\/p>\n","protected":false},"excerpt":{"rendered":"<table class=\"cart\" style=\"height: 36px;\" width=\"499\">\n<tbody>\n<tr class=\"before_variants product-variants-1\">\n<td class=\"product-variants-text-1\" width=\"35%\">Pou\u017eit\u00ed:<\/td>\n<td class=\"product-variants-value-1\" colspan=\"3\" width=\"65%\"><span class=\"fleft\">Miner\u00e1ln\u00ed p\u0159evodov\u00fd olej<\/span><\/td>\n<\/tr>\n<\/tbody>\n<\/table>\n","protected":false},"featured_media":681,"template":"","meta":{"spay_email":""},"_links":{"self":[{"href":"https:\/\/www.prevodovky-motory.cz\/index.php?rest_route=\/wp\/v2\/product\/680"}],"collection":[{"href":"https:\/\/www.prevodovky-motory.cz\/index.php?rest_route=\/wp\/v2\/product"}],"about":[{"href":"https:\/\/www.prevodovky-motory.cz\/index.php?rest_route=\/wp\/v2\/types\/product"}],"wp:featuredmedia":[{"embeddable":true,"href":"https:\/\/www.prevodovky-motory.cz\/index.php?rest_route=\/wp\/v2\/media\/681"}],"wp:attachment":[{"href":"https:\/\/www.prevodovky-motory.cz\/index.php?rest_route=%2Fwp%2Fv2%2Fmedia&parent=680"}],"curies":[{"name":"wp","href":"https:\/\/api.w.org\/{rel}","templated":true}]}}