{"id":694,"date":"2021-02-21T23:28:17","date_gmt":"2021-02-21T23:28:17","guid":{"rendered":"http:\/\/www.prevodovky-motory.cz\/?post_type=product&#038;p=694"},"modified":"2021-02-21T23:28:17","modified_gmt":"2021-02-21T23:28:17","slug":"ravenol-mtf-2-sae-75w-80-4l","status":"publish","type":"product","link":"https:\/\/www.prevodovky-motory.cz\/?product=ravenol-mtf-2-sae-75w-80-4l","title":{"rendered":"RAVENOL MTF-2 SAE 75W-80 4L"},"content":{"rendered":"<p>API GL-4, API MT-1,\u00a0BMW 2300 7533 513 MTF LT-2, 83 22 0 309 031 2300 1434 404 MTF LT-1, FIAT 9,55550-MZ2 F178.B06 14621616, FORD WSS M2C200-D2-WSS M2C200-C3 1547953 1382914, 1940711, General Motors, Honda 08261 &#8211; 99964 Origin\u00e1ln\u00ed MTF tekutina 08798-9031 MTF 7289, Hyundai 02.200-00.130 TOD, Land Rover STC 9157 STC TYK500030 9158, 235,10 MB, Mitsubishi MZ312644 3005401, MTF-94 kapalina pro Land Rover, Nissan 999MP-MTF20P KE91699932R, Peugeot 9730A2 Subaru K0321-F0090, TOYOTA 08885 a\u017e 00705, 1161681 VOLVO 1161745, VW \/ AUDI G 052911A2 055538A2 G pro ZF 6S450 Amarok 0C6, AC Delco 10-4033, General Motors 88861800, 88861801<\/p>\n","protected":false},"excerpt":{"rendered":"<table class=\"cart\" width=\"100%\">\n<tbody>\n<tr class=\"before_variants product-variants-1\">\n<td class=\"product-variants-text-1\" width=\"35%\">Pou\u017eit\u00ed:<\/td>\n<td class=\"product-variants-value-1\" colspan=\"3\" width=\"65%\"><span class=\"fleft\">Pln\u011b syntetick\u00fd p\u0159evodov\u00fd olej<\/span><\/td>\n<\/tr>\n<\/tbody>\n<\/table>\n","protected":false},"featured_media":695,"template":"","meta":{"spay_email":""},"_links":{"self":[{"href":"https:\/\/www.prevodovky-motory.cz\/index.php?rest_route=\/wp\/v2\/product\/694"}],"collection":[{"href":"https:\/\/www.prevodovky-motory.cz\/index.php?rest_route=\/wp\/v2\/product"}],"about":[{"href":"https:\/\/www.prevodovky-motory.cz\/index.php?rest_route=\/wp\/v2\/types\/product"}],"wp:featuredmedia":[{"embeddable":true,"href":"https:\/\/www.prevodovky-motory.cz\/index.php?rest_route=\/wp\/v2\/media\/695"}],"wp:attachment":[{"href":"https:\/\/www.prevodovky-motory.cz\/index.php?rest_route=%2Fwp%2Fv2%2Fmedia&parent=694"}],"curies":[{"name":"wp","href":"https:\/\/api.w.org\/{rel}","templated":true}]}}