{"id":702,"date":"2021-02-22T00:04:21","date_gmt":"2021-02-22T00:04:21","guid":{"rendered":"http:\/\/www.prevodovky-motory.cz\/?post_type=product&#038;p=702"},"modified":"2021-02-22T00:04:21","modified_gmt":"2021-02-22T00:04:21","slug":"ravenol-sls-sae-75w-140-gl-5-ls-1l-2","status":"publish","type":"product","link":"https:\/\/www.prevodovky-motory.cz\/?product=ravenol-sls-sae-75w-140-gl-5-ls-1l-2","title":{"rendered":"RAVENOL SLS SAE 75W-140 GL 5 LS 1L"},"content":{"rendered":"<p>API GL-5, LS, MIL-L-2105D<\/p>\n","protected":false},"excerpt":{"rendered":"<table class=\"cart\" style=\"height: 49px;\" width=\"646\">\n<tbody>\n<tr class=\"before_variants product-variants-1\">\n<td class=\"product-variants-text-1\" width=\"35%\">Pou\u017eit\u00ed:<\/td>\n<td class=\"product-variants-value-1\" colspan=\"3\" width=\"65%\"><span class=\"fleft\">Pln\u011b syntetick\u00fd hypoidn\u00ed p\u0159evodov\u00fd olej pro p\u0159evody \u0159azen\u00ed a v\u0161echny diferenci\u00e1ly zadn\u00edch n\u00e1prav. Zvl\u00e1\u0161t\u011b pro aplikace, kde je po\u017eadov\u00e1no: s omezenou svornost\u00ed ( LS ).<\/span><\/td>\n<\/tr>\n<\/tbody>\n<\/table>\n","protected":false},"featured_media":703,"template":"","meta":{"spay_email":""},"_links":{"self":[{"href":"https:\/\/www.prevodovky-motory.cz\/index.php?rest_route=\/wp\/v2\/product\/702"}],"collection":[{"href":"https:\/\/www.prevodovky-motory.cz\/index.php?rest_route=\/wp\/v2\/product"}],"about":[{"href":"https:\/\/www.prevodovky-motory.cz\/index.php?rest_route=\/wp\/v2\/types\/product"}],"wp:featuredmedia":[{"embeddable":true,"href":"https:\/\/www.prevodovky-motory.cz\/index.php?rest_route=\/wp\/v2\/media\/703"}],"wp:attachment":[{"href":"https:\/\/www.prevodovky-motory.cz\/index.php?rest_route=%2Fwp%2Fv2%2Fmedia&parent=702"}],"curies":[{"name":"wp","href":"https:\/\/api.w.org\/{rel}","templated":true}]}}